{"version":"1.0","provider_name":"Medya Etik Kurulu","provider_url":"https:\/\/medyaetikkurulu.org","author_name":"medyaetikkurulu","author_url":"https:\/\/medyaetikkurulu.org\/index.php\/author\/medyaetikkurulu\/","title":"Avrupa Gazetesi'ne uyarma karar\u0131 - Medya Etik Kurulu","type":"rich","width":600,"height":338,"html":"<blockquote class=\"wp-embedded-content\" data-secret=\"EZZHuugGEs\"><a href=\"https:\/\/medyaetikkurulu.org\/index.php\/2025\/02\/26\/avrupa-gazetesine-uyarma-karari-2\/\">Avrupa Gazetesi&#8217;ne uyarma karar\u0131<\/a><\/blockquote><iframe sandbox=\"allow-scripts\" security=\"restricted\" src=\"https:\/\/medyaetikkurulu.org\/index.php\/2025\/02\/26\/avrupa-gazetesine-uyarma-karari-2\/embed\/#?secret=EZZHuugGEs\" width=\"600\" height=\"338\" title=\"&#8220;Avrupa Gazetesi&#8217;ne uyarma karar\u0131&#8221; &#8212; Medya Etik Kurulu\" data-secret=\"EZZHuugGEs\" frameborder=\"0\" marginwidth=\"0\" marginheight=\"0\" scrolling=\"no\" class=\"wp-embedded-content\"><\/iframe><script type=\"text\/javascript\">\n\/* <![CDATA[ *\/\n\/*! This file is auto-generated *\/\n!function(d,l){\"use strict\";l.querySelector&&d.addEventListener&&\"undefined\"!=typeof URL&&(d.wp=d.wp||{},d.wp.receiveEmbedMessage||(d.wp.receiveEmbedMessage=function(e){var t=e.data;if((t||t.secret||t.message||t.value)&&!\/[^a-zA-Z0-9]\/.test(t.secret)){for(var s,r,n,a=l.querySelectorAll('iframe[data-secret=\"'+t.secret+'\"]'),o=l.querySelectorAll('blockquote[data-secret=\"'+t.secret+'\"]'),c=new RegExp(\"^https?:$\",\"i\"),i=0;i<o.length;i++)o[i].style.display=\"none\";for(i=0;i<a.length;i++)s=a[i],e.source===s.contentWindow&&(s.removeAttribute(\"style\"),\"height\"===t.message?(1e3<(r=parseInt(t.value,10))?r=1e3:~~r<200&&(r=200),s.height=r):\"link\"===t.message&&(r=new URL(s.getAttribute(\"src\")),n=new URL(t.value),c.test(n.protocol))&&n.host===r.host&&l.activeElement===s&&(d.top.location.href=t.value))}},d.addEventListener(\"message\",d.wp.receiveEmbedMessage,!1),l.addEventListener(\"DOMContentLoaded\",function(){for(var e,t,s=l.querySelectorAll(\"iframe.wp-embedded-content\"),r=0;r<s.length;r++)(t=(e=s[r]).getAttribute(\"data-secret\"))||(t=Math.random().toString(36).substring(2,12),e.src+=\"#?secret=\"+t,e.setAttribute(\"data-secret\",t)),e.contentWindow.postMessage({message:\"ready\",secret:t},\"*\")},!1)))}(window,document);\n\/\/# sourceURL=https:\/\/medyaetikkurulu.org\/wp-includes\/js\/wp-embed.min.js\n\/* ]]> *\/\n<\/script>\n","description":"Medya Etik Kurulu, Op. Dr. Tevfik Eker&#8217;in, Avrupa Gazetesi\u2019nin 20 Ekim 2024 tarihli bask\u0131s\u0131nda yay\u0131nlanan haberle ilgili 17 S\u0327ubat 2025 tarihinde yapt\u0131g\u0306\u0131 s\u0327ikayetini deg\u0306erlendirdi. \u201cDoktora Bakanl\u0131ktan Sorus\u0327turma\u201d bas\u0327l\u0131kl\u0131 haberle ilgili Avrupa Gazetesi, Sag\u0306l\u0131k Bakanl\u0131g\u0306\u0131, K\u0131br\u0131s Tu\u0308rk Tabibleri Birlig\u0306i ve do\u0308nemin Yatakl\u0131 Tedavi Kurumlar\u0131 Mu\u0308du\u0308ru\u0308 Dr Cenk Soydan\u2019dan bilgi talep eden kurul, Avrupa Gazetesi\u2019nden bilgi alamam\u0131s\u0327t\u0131r. [&hellip;]","thumbnail_url":"https:\/\/i0.wp.com\/medyaetikkurulu.org\/wp-content\/uploads\/2025\/05\/MEK-copy-1.png?fit=960%2C960&ssl=1","thumbnail_width":960,"thumbnail_height":960}

Avrupa Gazetesi'ne uyarma kararı - Medya Etik Kurulu

<blockquote class="wp-embedded-content" data-secret="EZZHuugGEs"><a href="https://medyaetikkurulu.org/index.php/2025/02/26/avrupa-gazetesine-uyarma-karari-2/">Avrupa Gazetesi&#8217;ne uyarma kararı</a></blockquote><iframe sandbox="allow-scripts" security="restricted" src="https://medyaetikkurulu.org/index.php/2025/02/26/avrupa-gazetesine-uyarma-karari-2/embed/#?secret=EZZHuugGEs" width="600" height="338" title="&#8220;Avrupa Gazetesi&#8217;ne uyarma kararı&#8221; &#8212; Medya Etik Kurulu" data-secret="EZZHuugGEs" frameborder="0" marginwidth="0" marginheight="0" scrolling="no" class="wp-embedded-content"></iframe><script type="text/javascript">
/* <![CDATA[ */
/*! This file is auto-generated */
!function(d,l){"use strict";l.querySelector&&d.addEventListener&&"undefined"!=typeof URL&&(d.wp=d.wp||{},d.wp.receiveEmbedMessage||(d.wp.receiveEmbedMessage=function(e){var t=e.data;if((t||t.secret||t.message||t.value)&&!/[^a-zA-Z0-9]/.test(t.secret)){for(var s,r,n,a=l.querySelectorAll('iframe[data-secret="'+t.secret+'"]'),o=l.querySelectorAll('blockquote[data-secret="'+t.secret+'"]'),c=new RegExp("^https?:$","i"),i=0;i<o.length;i++)o[i].style.display="none";for(i=0;i<a.length;i++)s=a[i],e.source===s.contentWindow&&(s.removeAttribute("style"),"height"===t.message?(1e3<(r=parseInt(t.value,10))?r=1e3:~~r<200&&(r=200),s.height=r):"link"===t.message&&(r=new URL(s.getAttribute("src")),n=new URL(t.value),c.test(n.protocol))&&n.host===r.host&&l.activeElement===s&&(d.top.location.href=t.value))}},d.addEventListener("message",d.wp.receiveEmbedMessage,!1),l.addEventListener("DOMContentLoaded",function(){for(var e,t,s=l.querySelectorAll("iframe.wp-embedded-content"),r=0;r<s.length;r++)(t=(e=s[r]).getAttribute("data-secret"))||(t=Math.random().toString(36).substring(2,12),e.src+="#?secret="+t,e.setAttribute("data-secret",t)),e.contentWindow.postMessage({message:"ready",secret:t},"*")},!1)))}(window,document);
//# sourceURL=https://medyaetikkurulu.org/wp-includes/js/wp-embed.min.js
/* ]]> */
</script>

Medya Etik Kurulu, Op. Dr. Tevfik Eker&#8217;in, Avrupa Gazetesi’nin 20 Ekim 2024 tarihli baskısında yayınlanan haberle ilgili 17 Şubat 2025 tarihinde yaptığı şikayetini değerlendirdi. “Doktora Bakanlıktan Soruşturma” başlıklı haberle ilgili Avrupa Gazetesi, Sağlık Bakanlığı, Kıbrıs Türk Tabibleri Birliği ve dönemin Yataklı Tedavi Kurumları Müdürü Dr Cenk Soydan’dan bilgi talep eden kurul, Avrupa Gazetesi’nden bilgi alamamıştır. [&hellip;]
