{"version":"1.0","provider_name":"Medya Etik Kurulu","provider_url":"https:\/\/medyaetikkurulu.org","author_name":"medyaetikkurulu","author_url":"https:\/\/medyaetikkurulu.org\/index.php\/author\/medyaetikkurulu\/","title":"Yeni yasa tasar\u0131lar\u0131 ile ifade alan\u0131 daralabilir - Medya Etik Kurulu","type":"rich","width":600,"height":338,"html":"<blockquote class=\"wp-embedded-content\" data-secret=\"EkUvxiJD95\"><a href=\"https:\/\/medyaetikkurulu.org\/index.php\/2026\/02\/07\/yeni-yasa-tasarilari-ile-ifade-alani-daralabilir\/\">Yeni yasa tasar\u0131lar\u0131 ile ifade alan\u0131 daralabilir<\/a><\/blockquote><iframe sandbox=\"allow-scripts\" security=\"restricted\" src=\"https:\/\/medyaetikkurulu.org\/index.php\/2026\/02\/07\/yeni-yasa-tasarilari-ile-ifade-alani-daralabilir\/embed\/#?secret=EkUvxiJD95\" width=\"600\" height=\"338\" title=\"&#8220;Yeni yasa tasar\u0131lar\u0131 ile ifade alan\u0131 daralabilir&#8221; &#8212; Medya Etik Kurulu\" data-secret=\"EkUvxiJD95\" frameborder=\"0\" marginwidth=\"0\" marginheight=\"0\" scrolling=\"no\" class=\"wp-embedded-content\"><\/iframe><script type=\"text\/javascript\">\n\/* <![CDATA[ *\/\n\/*! This file is auto-generated *\/\n!function(d,l){\"use strict\";l.querySelector&&d.addEventListener&&\"undefined\"!=typeof URL&&(d.wp=d.wp||{},d.wp.receiveEmbedMessage||(d.wp.receiveEmbedMessage=function(e){var t=e.data;if((t||t.secret||t.message||t.value)&&!\/[^a-zA-Z0-9]\/.test(t.secret)){for(var s,r,n,a=l.querySelectorAll('iframe[data-secret=\"'+t.secret+'\"]'),o=l.querySelectorAll('blockquote[data-secret=\"'+t.secret+'\"]'),c=new RegExp(\"^https?:$\",\"i\"),i=0;i<o.length;i++)o[i].style.display=\"none\";for(i=0;i<a.length;i++)s=a[i],e.source===s.contentWindow&&(s.removeAttribute(\"style\"),\"height\"===t.message?(1e3<(r=parseInt(t.value,10))?r=1e3:~~r<200&&(r=200),s.height=r):\"link\"===t.message&&(r=new URL(s.getAttribute(\"src\")),n=new URL(t.value),c.test(n.protocol))&&n.host===r.host&&l.activeElement===s&&(d.top.location.href=t.value))}},d.addEventListener(\"message\",d.wp.receiveEmbedMessage,!1),l.addEventListener(\"DOMContentLoaded\",function(){for(var e,t,s=l.querySelectorAll(\"iframe.wp-embedded-content\"),r=0;r<s.length;r++)(t=(e=s[r]).getAttribute(\"data-secret\"))||(t=Math.random().toString(36).substring(2,12),e.src+=\"#?secret=\"+t,e.setAttribute(\"data-secret\",t)),e.contentWindow.postMessage({message:\"ready\",secret:t},\"*\")},!1)))}(window,document);\n\/\/# sourceURL=https:\/\/medyaetikkurulu.org\/wp-includes\/js\/wp-embed.min.js\n\/* ]]> *\/\n<\/script>\n","thumbnail_url":"https:\/\/medyaetikkurulu.org\/wp-content\/uploads\/2026\/03\/alan.jpg","thumbnail_width":1638,"thumbnail_height":2048,"description":"Bu de\u011ferlendirme, Ceza Yasas\u0131, Bili\u015fim Su\u00e7lar\u0131 Yasas\u0131 ve Ceza Muhakemeleri De\u011fi\u015fiklik Yasa Tasar\u0131lar\u0131n\u0131 medya eti\u011fi, gazetecilik prati\u011fi ve ifade \u00f6zg\u00fcrl\u00fc\u011f\u00fc ilkeleri \u00e7er\u00e7evesinde ele almaktad\u0131r. Metin, Y\u00fcksek Y\u00f6netim eski Denet\u00e7isi ve Y\u00fcksek Mahkeme eski Yarg\u0131c\u0131 Emine Dizdarl\u0131\u2019n\u0131n katk\u0131s\u0131, deste\u011fi ve dan\u0131\u015fmanl\u0131\u011f\u0131yla haz\u0131rlanm\u0131\u015ft\u0131r. De\u011ferli zaman\u0131n\u0131 ay\u0131rarak bizlere verdi\u011fi destek i\u00e7in say\u0131n Emine Dizdarl\u0131\u2019ya te\u015fekk\u00fcr ederiz. *** \u0130fade [&hellip;]"}

Yeni yasa tasarıları ile ifade alanı daralabilir - Medya Etik Kurulu

<blockquote class="wp-embedded-content" data-secret="EkUvxiJD95"><a href="https://medyaetikkurulu.org/index.php/2026/02/07/yeni-yasa-tasarilari-ile-ifade-alani-daralabilir/">Yeni yasa tasarıları ile ifade alanı daralabilir</a></blockquote><iframe sandbox="allow-scripts" security="restricted" src="https://medyaetikkurulu.org/index.php/2026/02/07/yeni-yasa-tasarilari-ile-ifade-alani-daralabilir/embed/#?secret=EkUvxiJD95" width="600" height="338" title="&#8220;Yeni yasa tasarıları ile ifade alanı daralabilir&#8221; &#8212; Medya Etik Kurulu" data-secret="EkUvxiJD95" frameborder="0" marginwidth="0" marginheight="0" scrolling="no" class="wp-embedded-content"></iframe><script type="text/javascript">
/* <![CDATA[ */
/*! This file is auto-generated */
!function(d,l){"use strict";l.querySelector&&d.addEventListener&&"undefined"!=typeof URL&&(d.wp=d.wp||{},d.wp.receiveEmbedMessage||(d.wp.receiveEmbedMessage=function(e){var t=e.data;if((t||t.secret||t.message||t.value)&&!/[^a-zA-Z0-9]/.test(t.secret)){for(var s,r,n,a=l.querySelectorAll('iframe[data-secret="'+t.secret+'"]'),o=l.querySelectorAll('blockquote[data-secret="'+t.secret+'"]'),c=new RegExp("^https?:$","i"),i=0;i<o.length;i++)o[i].style.display="none";for(i=0;i<a.length;i++)s=a[i],e.source===s.contentWindow&&(s.removeAttribute("style"),"height"===t.message?(1e3<(r=parseInt(t.value,10))?r=1e3:~~r<200&&(r=200),s.height=r):"link"===t.message&&(r=new URL(s.getAttribute("src")),n=new URL(t.value),c.test(n.protocol))&&n.host===r.host&&l.activeElement===s&&(d.top.location.href=t.value))}},d.addEventListener("message",d.wp.receiveEmbedMessage,!1),l.addEventListener("DOMContentLoaded",function(){for(var e,t,s=l.querySelectorAll("iframe.wp-embedded-content"),r=0;r<s.length;r++)(t=(e=s[r]).getAttribute("data-secret"))||(t=Math.random().toString(36).substring(2,12),e.src+="#?secret="+t,e.setAttribute("data-secret",t)),e.contentWindow.postMessage({message:"ready",secret:t},"*")},!1)))}(window,document);
//# sourceURL=https://medyaetikkurulu.org/wp-includes/js/wp-embed.min.js
/* ]]> */
</script>

Bu değerlendirme, Ceza Yasası, Bilişim Suçları Yasası ve Ceza Muhakemeleri Değişiklik Yasa Tasarılarını medya etiği, gazetecilik pratiği ve ifade özgürlüğü ilkeleri çerçevesinde ele almaktadır. Metin, Yüksek Yönetim eski Denetçisi ve Yüksek Mahkeme eski Yargıcı Emine Dizdarlı’nın katkısı, desteği ve danışmanlığıyla hazırlanmıştır. Değerli zamanını ayırarak bizlere verdiği destek için sayın Emine Dizdarlı’ya teşekkür ederiz. *** İfade [&hellip;]
